factor of c and l.
10
Let s = 37 - 5. Let r = s - -8. What is the greatest common factor of 8 and r?
8
Let o = 75 - -13. Calculate the highest common factor of o and 8.
8
Suppose l + 3*n + 1 + 7 = 0, -20 = 5*n. Suppose 0 = l*g - 4*u - 36, u - 10 = -2*g + 11. Let q = 23 + g. Calculate the highest common factor of q and 3.
3
Let p(i) = -i**3 + 13*i**2 - 11*i - 7. Let c be p(12). Let n be (123 - 0) + c + -2. What is the highest common factor of n and 14?
14
Let q be -9*(0 + (-15)/9). Calculate the highest common divisor of q and 105.
15
Let g be 122/14 - 4/(-14). Let j = -6 - -9. Suppose j*z + 3*f + f - 58 = 0, 0 = -3*z + 2*f + 52. What is the greatest common divisor of g and z?
9
Suppose 7 = -l + 8. Let o be -1 + 4 - 1/1. Calculate the greatest common factor of o and l.
1
Let o = -34 - -118. Calculate the highest common divisor of 12 and o.
12
Suppose 24 = 4*l - 36. Suppose h - 3*h = -60. Calculate the highest common factor of h and l.
15
Let d = 20 + -9. Calculate the highest common divisor of 1 and d.
1
Let l be 0 - (-65 - -1 - 0). Suppose -2*y - 2*n = 3*n + 4, y + 8 = -4*n. What is the greatest common factor of l and y?
8
Let l = -2 - -3. Let t be 14 + (-1 + l)*-1. Let h be 42*(-1 + (0 - -2)). What is the greatest common factor of t and h?
14
Let f(m) = -m**3 - 5*m**2 + 5*m + 14. Let v be f(-6). What is the highest common factor of 4 and v?
4
Suppose 305 = 3*q + 5*u, 281 = 4*q + 3*u - 133. Calculate the highest common factor of q and 21.
21
Let g be (-6)/(-3) - (1 + 0). Let o be 10/(g*(-2)/(-11)). Let k be 4/(-22) + 670/o. Calculate the highest common factor of 12 and k.
12
Suppose -m + 0*m + 76 = 5*i, 0 = 5*m + 20. What is the greatest common factor of 16 and i?
16
Let v be (-2)/(((-2)/(-2))/(-8)). What is the greatest common divisor of v and 144?
16
Suppose -2*n = 2*h + 20, -2*n + 3*h - 42 = 3*n. Let y(w) = 5 - 4*w**2 - 14*w - 7 + 3*w**2 - 8. Let m be y(n). What is the greatest common factor of 14 and m?
7
Let p be (-1359)/(-21) + 16/56. Suppose -5*d + p = 4*y, -4*y + 55 = 5*d - 2*d. Calculate the greatest common divisor of y and 20.
10
Let i be (-12)/5*(-20)/6. Let g = -1 + i. What is the greatest common factor of g and 7?
7
Let g be ((-3)/6)/((4 + 0)/(-8)). What is the highest common factor of 11 and g?
1
Let j be -2*((-1)/(-2) + -3). What is the greatest common divisor of 35 and j?
5
Let f(q) = -q**2 - q + 6. Let l be f(0). What is the greatest common factor of 3 and l?
3
Let m = 33 - 18. Calculate the greatest common factor of m and 6.
3
Let m(w) = -w**3 + w**2 - w + 1. Suppose -2*k + 6 = 2. Suppose -g = k*g. Let y be m(g). What is the greatest common factor of 1 and y?
1
Suppose -j + 11 = -3*a, 2*a + 2 = j - 3*j. Suppose -j*s - 2*s + 204 = 0. Calculate the greatest common factor of 17 and s.
17
Let w(h) = h**2 - h. Let n be w(3). Let v be (49/(-28))/(1/(-4)). Suppose 2*p - 3*o - v = 0, o = 4*p - 3*p - n. What is the highest common factor of 121 and p?
11
Let h(z) be the second derivative of z**5/20 - z**4/4 - z**3/6 - z**2/2 + 2*z. Let r be h(4). What is the highest common divisor of 33 and r?
11
Suppose 4*h = -4*p + 52, 2*p - 2*h = 3*p - 12. What is the greatest common divisor of p and 56?
14
Suppose t = -v - t + 45, -3*v + 135 = -4*t. Let y be (-20 + 4)/((-4)/14). Suppose d = 5*d - 4*s - y, -1 = -s. What is the greatest common divisor of d and v?
15
Let c be 258 - (1 - (-2 - -6)). Let x = -177 + c. Let w be (-2)/((-4)/2) - -11. What is the highest common divisor of x and w?
12
Let r = -117 - -167. Calculate the greatest common divisor of 20 and r.
10
Let n(o) = 2*o - 2. Let x be n(-2). Let f be (-54)/(1*x/4). What is the highest common divisor of 12 and f?
12
Let i(w) = -44*w - 71. Let l be i(-10). Calculate the highest common factor of l and 41.
41
Let y(r) = r**3 - 3*r**2 - 3*r + 3. Let k be y(5). What is the highest common factor of 95 and k?
19
Let n be (-1 + (-137)/3)/((-7)/21). What is the highest common factor of n and 14?
14
Let v(b) = -2*b**3 - 3*b**2 + 4*b + 1. Let r be v(-3). Suppose 0 = 5*k - r + 6. Let o be k*(2 + 46/4). Calculate the highest common divisor of 18 and o.
9
Let u = 15 + -10. Let q = 10 - u. What is the highest common divisor of 20 and q?
5
Suppose 0 = 3*l - 4*h - 17 - 105, -5*h + 173 = 4*l. Calculate the highest common factor of l and 14.
14
Let m(z) = -z**3 + 8*z**2 + 9*z - 1. Let i be m(9). Let p be 0 - i/(-3 - -2). Let h be p*(0 + 1) - -3. What is the greatest common factor of 6 and h?
2
Suppose -5*a = 90 - 970. What is the highest common factor of a and 22?
22
Suppose 4*t - 12 = 0, -4*f - 4*t + 5*t = -69. Suppose 23 = 2*k + 3*o, -3*k + 2*o - 4*o + 22 = 0. Let l = k + f. What is the highest common factor of l and 44?
22
Let l = 4 - 11. Let v = l + 9. Suppose 0 = f - 9 + v. Calculate the greatest common divisor of f and 21.
7
Let w(v) = 4*v - 2. Let k(l) = -5*l + 3. Let d(s) = 3*k(s) + 4*w(s). Let c be d(2). Calculate the greatest common divisor of 12 and c.
3
Let c = -30 - -44. Suppose -57 - 139 = -2*o. Calculate the greatest common factor of o and c.
14
Let y be (8/(-3))/(6/(-18)). Let r be (-5)/1*112/(-10). Calculate the greatest common divisor of r and y.
8
Let a(n) = -8*n - 2. Let i be a(2). Let k be (-4)/(-18) - 140/i. Let j = k - 5. Calculate the highest common factor of j and 3.
3
Let f(z) = z**2 - 6*z - 37. Let w be f(10). Calculate the greatest common factor of w and 9.
3
Suppose -4*t + 6 = -2*t. Calculate the highest common factor of t and 8.
1
Let k(t) = -t**2 - 5*t + 7. Let x be k(-6). Let d be (-22)/((x - 3) + 0). Calculate the highest common factor of d and 33.
11
Let f(b) = b**3 - 7*b**2 - 5*b - 4. Let j be f(8). Suppose -4*p + j = -12. Calculate the highest common factor of p and 8.
8
Let s be (-5)/(-35) + (-837)/(-21). Suppose s = -o + 6*o. Calculate the greatest common factor of 12 and o.
4
Let s be 59 + -4 + (-12)/4. What is the highest common divisor of s and 2?
2
Let o(h) = h**2 + 10*h + 22. Let s be o(-8). Calculate the greatest common divisor of 138 and s.
6
Let v(l) = 3*l - 9. Let k be v(7). Let w = k - 1. Calculate the greatest common divisor of 22 and w.
11
Let v = 7 - 6. Let r be ((-158)/8)/(v/(-12)). Let b be r/33 - 4/22. What is the greatest common factor of b and 14?
7
Suppose 0 = 3*a + 5*v - 190, -a + 33 = -v - 41. What is the highest common divisor of a and 20?
10
Let t(g) = -2*g + 2*g**2 - 7*g + 5*g. Let p be t(9). Calculate the highest common divisor of p and 14.
14
Suppose -4*n + 5*w - 7*w = -136, -4*n + w = -136. Let h be (6/8)/(-1)*-68. Calculate the highest common divisor of n and h.
17
Suppose -5*b = -b - 280. Suppose k - b = -0*k. Suppose 42*f + 28 = 46*f. Calculate the highest common divisor of k and f.
7
Suppose 20 = 4*f - 32. Suppose o - f = -14. Let y = 143 - o. Calculate the highest common divisor of 18 and y.
18
Let o = 25 + -13. Calculate the greatest common factor of o and 3.
3
Suppose -d - 1 + 2 = 0. What is the highest common divisor of 1 and d?
1
Let y be -1 - (0 - -1 - 16). Suppose -11*x + 1924 = 692. Calculate the greatest common divisor of y and x.
14
Suppose 0 = y - 3*o - 93, -2*y - 2*o = o - 141. Let m = y + -56. Calculate the highest common factor of 33 and m.
11
Let q(z) = 2*z**2 - z + 2. Let w be q(1). Suppose -w*b - 6 = 0, 2*g + 0*g = -5*b + 18. What is the greatest common factor of g and 28?
14
Let k(h) = h**2 + 6*h + 7. Let g be k(-5). Let c be 2*(-2)/(-2) - 9. Let m be (-61)/c - g/(-7). What is the greatest common divisor of m and 36?
9
Let c be ((24/(-4))/2)/(9/(-3)). Calculate the highest common factor of c and 7.
1
Suppose -3*c + 120 = 2*s, 4*s - 3*c = -c + 240. What is the greatest common factor of s and 12?
12
Let p(n) = -n**2 - 4*n. Let x be p(-7). Let z = x + 147. Calculate the greatest common factor of z and 14.
14
Let o(u) = 12*u. Suppose 0 = 5*g - 4 - 6. Let l be 8 - (4 - g/1). Let s be o(l). What is the highest common divisor of 9 and s?
9
Let y(c) = 2*c**2 - 2*c + 1. Let g be y(2). Suppose -18 = -2*p - 2*z, p - 9 = 2*p - g*z. What is the highest common divisor of p and 48?
6
Let y be (-3 - 31/(-11)) + 72/33. Calculate the greatest common divisor of y and 4.
2
Let m = -29 - -33. What is the greatest common factor of 12 and m?
4
Let x(u) = u**2 + 4*u - 1. Let m be x(-4). Let q = 4 + m. Suppose 3*h - 4*c - 52 = -h, 4*c = -16. W